{"id":36,"date":"2012-07-03T17:29:36","date_gmt":"2012-07-03T15:29:36","guid":{"rendered":"http:\/\/www.zahnarztpraxis-mey-lawrenz.de\/?page_id=36"},"modified":"2018-12-17T17:12:24","modified_gmt":"2018-12-17T15:12:24","slug":"lageplan","status":"publish","type":"page","link":"https:\/\/www.zahnarztpraxis-mey-lawrenz.de\/?page_id=36","title":{"rendered":"Lageplan"},"content":{"rendered":"<h3><strong>Lageplan<\/strong><\/h3>\n<hr align=\"left\" noshade=\"noshade\" size=\"1\" \/>\n<p>Es stehen Ihnen vor der Praxis ausreichend Parkpl\u00e4tze zur Verf\u00fcgung.<br \/>\nEine Bushaltestelle ist zwei Minuten Fu\u00dfweg von der Praxis entfernt.<\/p>\n<p><iframe loading=\"lazy\" src=\"https:\/\/www.google.com\/maps\/embed?pb=!1m14!1m8!1m3!1d18847.495428542985!2d12.189503!3d53.808406!3m2!1i1024!2i768!4f13.1!3m3!1m2!1s0x47ac3f7b7e01bf05%3A0xdf3b03028971139a!2sHaselstra%C3%9Fe+2%2C+18273+G%C3%BCstrow!5e0!3m2!1sde!2sde!4v1537250909747\" width=\"600\" height=\"450\" frameborder=\"0\" style=\"border:0\" allowfullscreen><\/iframe><\/p>\n","protected":false},"excerpt":{"rendered":"<p>Lageplan Es stehen Ihnen vor der Praxis ausreichend Parkpl\u00e4tze zur Verf\u00fcgung. Eine Bushaltestelle ist zwei Minuten Fu\u00dfweg von der Praxis entfernt.<\/p>\n","protected":false},"author":1,"featured_media":0,"parent":0,"menu_order":5,"comment_status":"closed","ping_status":"closed","template":"","meta":{"footnotes":""},"class_list":["post-36","page","type-page","status-publish","hentry"],"_links":{"self":[{"href":"https:\/\/www.zahnarztpraxis-mey-lawrenz.de\/index.php?rest_route=\/wp\/v2\/pages\/36","targetHints":{"allow":["GET"]}}],"collection":[{"href":"https:\/\/www.zahnarztpraxis-mey-lawrenz.de\/index.php?rest_route=\/wp\/v2\/pages"}],"about":[{"href":"https:\/\/www.zahnarztpraxis-mey-lawrenz.de\/index.php?rest_route=\/wp\/v2\/types\/page"}],"author":[{"embeddable":true,"href":"https:\/\/www.zahnarztpraxis-mey-lawrenz.de\/index.php?rest_route=\/wp\/v2\/users\/1"}],"replies":[{"embeddable":true,"href":"https:\/\/www.zahnarztpraxis-mey-lawrenz.de\/index.php?rest_route=%2Fwp%2Fv2%2Fcomments&post=36"}],"version-history":[{"count":17,"href":"https:\/\/www.zahnarztpraxis-mey-lawrenz.de\/index.php?rest_route=\/wp\/v2\/pages\/36\/revisions"}],"predecessor-version":[{"id":422,"href":"https:\/\/www.zahnarztpraxis-mey-lawrenz.de\/index.php?rest_route=\/wp\/v2\/pages\/36\/revisions\/422"}],"wp:attachment":[{"href":"https:\/\/www.zahnarztpraxis-mey-lawrenz.de\/index.php?rest_route=%2Fwp%2Fv2%2Fmedia&parent=36"}],"curies":[{"name":"wp","href":"https:\/\/api.w.org\/{rel}","templated":true}]}}