{"id":42,"date":"2012-07-03T17:30:48","date_gmt":"2012-07-03T15:30:48","guid":{"rendered":"http:\/\/www.zahnarztpraxis-mey-lawrenz.de\/?page_id=42"},"modified":"2018-05-28T12:27:54","modified_gmt":"2018-05-28T10:27:54","slug":"impressum","status":"publish","type":"page","link":"https:\/\/www.zahnarztpraxis-mey-lawrenz.de\/?page_id=42","title":{"rendered":"Impressum"},"content":{"rendered":"<h3><strong>Impressum<\/strong><\/h3>\n<hr align=\"left\" noshade=\"noshade\" size=\"1\" \/>\n<p><strong>Angaben gem\u00e4\u00df \u00a75 des Telemediengesetz<\/strong><\/p>\n<p><strong>Anschrift:<\/strong><br \/>\nZahnarztpraxis<br \/>\nDr. med. dent. Thomas Lawrenz<br \/>\nHaselstra\u00dfe 2<br \/>\n18273 G\u00fcstrow<\/p>\n<p><strong>Leitung:<\/strong> Dr. med. dent. Thomas Lawrenz, Gunnar Mey<br \/>\n<strong>Telefon:<\/strong> 03843 215658<br \/>\n<strong>Telefax:<\/strong> 03843 215659<br \/>\n<strong>E-Mail:<\/strong>  zahnwehmaennchen@yahoo.de<\/p>\n<hr noshade size=\"1\" align=\"left\">\n<p><strong>gesetzl. Berufsbezeichnung (verliehen in):<\/strong> Zahn\u00e4rzte (Deutschland)<br \/>\n<strong>Zust\u00e4ndige Kammer:<\/strong> Zahn\u00e4rztekammer Mecklenburg-Vorpommern<br \/>\n<strong>Web:<\/strong> <a title=\"Zahn\u00e4rztekammer Mecklenburg-Vorpommern\" href=\"http:\/\/www.zaekmv.de\" target=\"_blank\">http:\/\/www.zaekmv.de<\/a><br \/>\n<strong>Es gilt die Berufsordnung der oben genannten Kammer.<\/strong><br \/>\n<strong>Zulassungsbeh\u00f6rde:<\/strong> Kassenzahn\u00e4rztliche Vereinigung Mecklenburg-Vorpommern<br \/>\n<strong>Zulassungsnummer:<\/strong> 1448 \/ 1667<\/p>\n<hr noshade size=\"1\" align=\"left\">\n<p><strong>Haftungsausschluss:<\/strong><\/p>\n<p>Anbieter sind f\u00fcr die eigenen Inhalte, die sie zur Nutzung bereithalten, nach den allgemeinen Gesetzen verantwortlich. Von diesen eigenen Inhalten sind Querverweise auf die von anderen Anbietern bereitgehaltenen Inhalte zu unterscheiden. Die Inhalte fremder Web-Seiten, auf die mittels eines Hyperlinks verwiesen wird, dienen lediglich der Information. Bildliche Darstellungen, hierunter fallen auch Videosequenzen, dienen ausschlie\u00dflich der Information der User. Die Verantwortlichkeit f\u00fcr diese fremden Inhalte liegt alleine bei dem Anbieter, der die Inhalte bereith\u00e4lt.<\/p>\n<p>Vor dem Einrichten des entsprechenden Verweises sind die Web-Seiten der anderen Anbieter mit gro\u00dfer Sorgfalt und nach bestem Wissen und Gewissen \u00fcberpr\u00fcft worden. Es kann jedoch keine Gew\u00e4hr f\u00fcr die Vollst\u00e4ndigkeit und Richtigkeit von Informationen \u00fcbernommen werden, die \u00fcber weiterf\u00fchrende Hyperlinks erreicht werden. Der Inhalt der anderen Web-Seiten kann jederzeit ohne Wissen von uns ge\u00e4ndert werden. Falls Links auf unsere Seiten verweisen sollte, deren Inhalt Anlass zur Beanstandung gibt, bitten wir um Mitteilung.<\/p>\n<p>Wir sind berechtigt, ohne vorherige Ank\u00fcndigung \u00c4nderungen oder Erg\u00e4nzungen der bereitgestellten Informationen vorzunehmen, gegebenenfalls auch Informationen zu entfernen.<\/p>\n<p><strong>Datenschutzerkl\u00e4rung:<\/strong><\/p>\n<p>Der Nutzer wird darauf hingewiesen, dass die zugreifende IP-Adresse in den Logs des Servers gespeichert wird. Diese Logs dienen aber in keine Weise zur Auswertung des Nutzerverhaltens, sondern sind lediglich die \u00fcblichen Logs, die von allen Servern gehalten und automatisch nach gewisser Zeit gel\u00f6scht werden.<\/p>\n","protected":false},"excerpt":{"rendered":"<p>Impressum Angaben gem\u00e4\u00df \u00a75 des Telemediengesetz Anschrift: Zahnarztpraxis Dr. med. dent. Thomas Lawrenz Haselstra\u00dfe 2 18273 G\u00fcstrow Leitung: Dr. med. dent. Thomas Lawrenz, Gunnar Mey Telefon: 03843 215658 Telefax: 03843 215659 E-Mail: zahnwehmaennchen@yahoo.de gesetzl.&#46;&#46;&#46;<\/p>\n","protected":false},"author":1,"featured_media":0,"parent":0,"menu_order":7,"comment_status":"closed","ping_status":"closed","template":"","meta":{"footnotes":""},"class_list":["post-42","page","type-page","status-publish","hentry"],"_links":{"self":[{"href":"https:\/\/www.zahnarztpraxis-mey-lawrenz.de\/index.php?rest_route=\/wp\/v2\/pages\/42","targetHints":{"allow":["GET"]}}],"collection":[{"href":"https:\/\/www.zahnarztpraxis-mey-lawrenz.de\/index.php?rest_route=\/wp\/v2\/pages"}],"about":[{"href":"https:\/\/www.zahnarztpraxis-mey-lawrenz.de\/index.php?rest_route=\/wp\/v2\/types\/page"}],"author":[{"embeddable":true,"href":"https:\/\/www.zahnarztpraxis-mey-lawrenz.de\/index.php?rest_route=\/wp\/v2\/users\/1"}],"replies":[{"embeddable":true,"href":"https:\/\/www.zahnarztpraxis-mey-lawrenz.de\/index.php?rest_route=%2Fwp%2Fv2%2Fcomments&post=42"}],"version-history":[{"count":42,"href":"https:\/\/www.zahnarztpraxis-mey-lawrenz.de\/index.php?rest_route=\/wp\/v2\/pages\/42\/revisions"}],"predecessor-version":[{"id":401,"href":"https:\/\/www.zahnarztpraxis-mey-lawrenz.de\/index.php?rest_route=\/wp\/v2\/pages\/42\/revisions\/401"}],"wp:attachment":[{"href":"https:\/\/www.zahnarztpraxis-mey-lawrenz.de\/index.php?rest_route=%2Fwp%2Fv2%2Fmedia&parent=42"}],"curies":[{"name":"wp","href":"https:\/\/api.w.org\/{rel}","templated":true}]}}